is divided by 707.
686
Calculate the remainder when 28648 is divided by 189.
109
What is the remainder when 13235 is divided by 4385?
80
Calculate the remainder when 141218 is divided by 70609.
0
What is the remainder when 2896 is divided by 151?
27
What is the remainder when 76333 is divided by 6361?
1
Calculate the remainder when 13139 is divided by 412.
367
What is the remainder when 152541 is divided by 113?
104
What is the remainder when 5577 is divided by 44?
33
Calculate the remainder when 164083 is divided by 26.
23
Calculate the remainder when 206906 is divided by 4138.
6
Calculate the remainder when 8097 is divided by 164.
61
Calculate the remainder when 23011 is divided by 11.
10
Calculate the remainder when 211600 is divided by 301.
298
Calculate the remainder when 25750 is divided by 2.
0
Calculate the remainder when 10785 is divided by 582.
309
Calculate the remainder when 7993 is divided by 33.
7
What is the remainder when 3289 is divided by 3272?
17
What is the remainder when 135291 is divided by 86?
13
What is the remainder when 2524 is divided by 122?
84
Calculate the remainder when 13234 is divided by 1890.
4
What is the remainder when 62299 is divided by 20?
19
What is the remainder when 23731 is divided by 609?
589
What is the remainder when 33310 is divided by 4757?
11
What is the remainder when 347866 is divided by 36?
34
What is the remainder when 177180 is divided by 7703?
11
What is the remainder when 2125 is divided by 79?
71
What is the remainder when 3581 is divided by 260?
201
What is the remainder when 6413 is divided by 1568?
141
Calculate the remainder when 730717 is divided by 398.
387
What is the remainder when 751 is divided by 605?
146
What is the remainder when 4432 is divided by 65?
12
What is the remainder when 17390 is divided by 13?
9
Calculate the remainder when 36060 is divided by 368.
364
Calculate the remainder when 584 is divided by 41.
10
What is the remainder when 104942 is divided by 298?
46
Calculate the remainder when 3302 is divided by 291.
101
Calculate the remainder when 114733 is divided by 404.
401
What is the remainder when 61060 is divided by 449?
445
What is the remainder when 29297 is divided by 293?
290
Calculate the remainder when 866 is divided by 107.
10
Calculate the remainder when 7188 is divided by 7167.
21
Calculate the remainder when 19777 is divided by 1648.
1
Calculate the remainder when 1036 is divided by 38.
10
What is the remainder when 34856 is divided by 28?
24
Calculate the remainder when 5682 is divided by 83.
38
What is the remainder when 11983 is divided by 64?
15
What is the remainder when 678868 is divided by 10?
8
What is the remainder when 129161 is divided by 11?
10
Calculate the remainder when 205631 is divided by 7.
6
Calculate the remainder when 26781 is divided by 13390.
1
Calculate the remainder when 11433 is divided by 516.
81
Calculate the remainder when 94567 is divided by 29.
27
Calculate the remainder when 77200 is divided by 323.
3
Calculate the remainder when 5595 is divided by 924.
51
Calculate the remainder when 33622 is divided by 68.
30
Calculate the remainder when 3551 is divided by 1751.
49
Calculate the remainder when 232134 is divided by 9672.
6
Calculate the remainder when 46602 is divided by 5824.
10
What is the remainder when 128744 is divided by 45?
44
What is the remainder when 104445 is divided by 1148?
1125
Calculate the remainder when 3510 is divided by 100.
10
Calculate the remainder when 1836405 is divided by 8.
5
Calculate the remainder when 14673 is divided by 2274.
1029
What is the remainder when 14681 is divided by 2030?
471
What is the remainder when 482 is divided by 237?
8
Calculate the remainder when 22405 is divided by 77.
75
What is the remainder when 21148 is divided by 9788?
1572
Calculate the remainder when 29995 is divided by 29886.
109
What is the remainder when 106389 is divided by 134?
127
Calculate the remainder when 1951187 is divided by 277.
276
Calculate the remainder when 74773 is divided by 8300.
73
What is the remainder when 181160 is divided by 36232?
0
What is the remainder when 16189 is divided by 167?
157
What is the remainder when 1170115 is divided by 490?
485
What is the remainder when 10386 is divided by 176?
2
What is the remainder when 171695 is divided by 48?
47
What is the remainder when 6706 is divided by 381?
229
What is the remainder when 5157 is divided by 2402?
353
What is the remainder when 121215 is divided by 64?
63
Calculate the remainder when 483 is divided by 38.
27
Calculate the remainder when 9817 is divided by 466.
31
What is the remainder when 551 is divided by 526?
25
Calculate the remainder when 17643 is divided by 51.
48
Calculate the remainder when 15960 is divided by 456.
0
What is the remainder when 6936 is divided by 291?
243
What is the remainder when 2458 is divided by 40?
18
Calculate the remainder when 46813 is divided by 9360.
13
What is the remainder when 4431 is divided by 321?
258
Calculate the remainder when 14583 is divided by 78.
75
What is the remainder when 999 is divided by 879?
120
Calculate the remainder when 599 is divided by 468.
131
Calculate the remainder when 22467 is divided by 25.
17
Calculate the remainder when 71490 is divided by 530.
470
What is the remainder when 21318 is divided by 6346?
2280
What is the remainder when 1570 is divided by 794?
776
What is the remainder when 344316 is divided by 383?
382
What is the remainder when 2192 is divided by 1047?
98
Calculate the remainder when 1416 is divided by 152.
48
What is the remainder when 351867 is divided by 43?
41
What is the remainder when 19786 is divided by 24?
10
What is the remainder when 46121 is divided by 73?
58
What is the remainder when 6342 is divided by 8?
6
Calculate the remainder when 643 is divided by 213.
4
Calculate the remainder when 6141 is divided by 1028.
1001
What is the remainder when 14718284 is divided by 22?
20
Calculate the remainder when 29157 is divided by 486.
483
Calculate the remainder when 25452 is divided by 148.
144
What is the remainder when 1959 is divided by 1916?
43
What is the remainder when 584829 is divided by 381?
375
What is the remainder when 1544 is divided by 768?
8
What is the remainder when 158876 is divided by 214?
88
What is the remainder when 38047 is divided by 2724?
2635
What is the remainder when 16125 is divided by 32?
29
Calculate the remainder when 19033 is divided by 1586.
1
Calculate the remainder when 149 is divided by 95.
54
Calculate the remainder when 204188 is divided by 102.
86
What is the remainder when 6732 is divided by 3211?
310
What is the remainder when 67466 is divided by 79?
0
What is the remainder when 233141 is divided by 58281?
17
What is the remainder when 839193 is divided by 18?
15
What is the remainder when 5544 is divided by 155?
119
What is the remainder when 49950 is divided by 923?
108
Calculate the remainder when 3918 is divided by 445.
358
What is the remainder when 51640 is divided by 171?
169
What is the remainder when 2491 is divided by 177?
13
What is the remainder when 245 is divided by 232?
13
What is the remainder when 504 is divided by 216?
72
What is the remainder when 3004 is divided by 16?
12
Calculate the remainder when 119322 is divided by 32.
26
What is the remainder when 5684 is divided by 138?
26
Calculate the remainder when 1066517 is divided by 53.
51
Calculate the remainder when 113708 is divided by 37900.
8
What is the remainder when 13383 is divided by 666?
63
Calculate the remainder when 9570 is divided by 159.
30
Calculate the remainder when 15759 is divided by 14.
9
What is the remainder when 1277 is divided by 123?
47
What is the remainder when 2208 is divided by 699?
111
Calculate the remainder when 3688 is divided by 611.
22
What is the remainder when 14098 is divided by 3522?
10
What is the remainder when 6021 is divided by 12?
9
Calculate the remainder when 31292 is divided by 104.
92
Calculate the remainder when 1052698 is divided by 12532.
10
What is the remainder when 896 is divided by 887?
9
Calculate the remainder when 2320 is divided by 178.
6
What is the remainder when 5914 is divided by 1446?
130
Calculate the remainder when 7956 is divided by 132.
36
Calculate the re